Let f(z) = z**3 - z**2 + 61*z + 370. Give f(-7).
-449
Let y(d) = -7*d**3 + 208*d**2 - 98*d + 761. Calculate y(29).
2124
Let h(b) = -128*b - 8043. Give h(-47).
-2027
Let m(h) = -h**2 - 366*h + 8625. Determine m(23).
-322
Let g(f) = 23*f**2 + 442*f - 5535. Calculate g(-28).
121
Let x(z) = -1311*z - 6013. Give x(-6).
1853
Let i(x) = -28*x**3 + 7*x**2 - 53*x - 2. What is i(4)?
-1894
Let l(c) = -5*c**3 + 544*c**2 - 788*c - 18719. What is l(107)?
6
Let z(a) = -35*a**3 - 273*a**2 + 55*a + 308. Determine z(-8).
316
Let w(k) = 116*k - 2472. What is w(21)?
-36
Let v(q) = 30343*q - 121269. What is v(4)?
103
Let a(s) = 3266*s + 806698. What is a(-247)?
-4
Let b(v) = 261*v**2 + 87690*v - 2008. Calculate b(-336).
8
Let t(o) = 8*o**2 + 90*o - 72. Calculate t(-13).
110
Let m(o) = -3636*o + 7082930. Give m(1948).
2
Let r(u) = -159*u + 47673. Calculate r(301).
-186
Let u(b) = -629062*b + 2516266. Determine u(4).
18
Let j(h) = 2*h**2 - 6066*h + 180509. Give j(30).
329
Let n(d) = -655047*d + 655064. Give n(1).
17
Let b(s) = 115*s + 10689. Calculate b(-91).
224
Let q(x) = -2*x**3 - 77*x**2 + 180542*x + 6862031. Determine q(-38).
-9
Let z(r) = r**3 - r**2 - 4936*r - 9867. Give z(-2).
-7
Let k(g) = -9*g**3 + 443*g**2 - 100*g - 285. Determine k(49).
-383
Let l(g) = -g**2 - 228*g + 7196. Give l(-256).
28
Let k(y) = y**2 + 8813*y - 15. What is k(0)?
-15
Let g(v) = -752*v + 73698. Determine g(98).
2
Let w(n) = 6*n**2 + 28*n - 3809. Calculate w(23).
9
Let o(j) = 8*j**3 - 1552*j**2 + 1524*j + 3773. What is o(193)?
-87
Let h(p) = -p**2 - 810*p - 47161. Give h(-63).
-100
Let u(v) = 3*v**3 - 305*v**2 + 2628*v - 5884. Calculate u(5).
6
Let w(m) = -416*m + 3735. What is w(9)?
-9
Let a(j) = 409*j + 47492. What is a(-118)?
-770
Let m(u) = 444*u**2 + 4*u + 4. Give m(1).
452
Let n(k) = -k**3 - 20*k**2 + 56*k - 231. Calculate n(-25).
1494
Let y(q) = 126637*q - 5698654. Calculate y(45).
11
Let b(u) = -9395*u + 74089. Determine b(8).
-1071
Let b(n) = 13922*n + 264241. Determine b(-19).
-277
Let q(o) = 1786*o + 401847. Determine q(-225).
-3
Let b(r) = -r**3 + 122*r**2 - 214*r - 3947. Give b(120).
-827
Let b(k) = 133*k - 12948. Determine b(99).
219
Let z(f) = -285*f - 31433. What is z(-117)?
1912
Let z(a) = -3*a**2 - 625*a - 1343. Calculate z(-209).
-1761
Let g(w) = 290*w - 18802. Give g(65).
48
Let g(c) = 745*c - 95339. Determine g(128).
21
Let x(b) = 4*b**2 + 6938*b + 6936. What is x(-1)?
2
Let y(w) = -4*w**3 + 352*w**2 + 13*w - 489. Determine y(88).
655
Let m(c) = -75*c**2 - 555*c + 18898. What is m(-20)?
-2
Let c(f) = -f**3 + 2*f**2 + 6913*f - 2099. What is c(84)?
1
Let c(t) = -40*t**2 - 9849*t + 9855. Give c(1).
-34
Let h(k) = 11615*k + 232321. Give h(-20).
21
Let q(n) = 1448*n - 7. Determine q(0).
-7
Let z(u) = 59*u + 4918. Determine z(-88).
-274
Let i(w) = -2*w**3 + 73*w**2 + 3246*w - 240. What is i(-26)?
-136
Let b(q) = 5673*q + 170284. Give b(-30).
94
Let d(h) = -219*h + 18008. What is d(82)?
50
Let b(o) = 3*o**3 + 458*o**2 + 280*o - 3253. Determine b(-152).
395
Let m(l) = -179*l + 1707. Determine m(12).
-441
Let j(m) = -79*m**2 + 1777*m - 7115. Determine j(4).
-1271
Let v(h) = -2*h**2 + 268*h - 5141. Calculate v(85).
3189
Let y(j) = -26672*j - 186708. What is y(-7)?
-4
Let s(t) = -13*t**2 - 4455*t + 10303. Give s(-345).
-47
Let l(x) = x**2 - 110*x - 1700. Calculate l(-13).
-101
Let q(g) = 4*g**2 + 1152*g + 25351. Give q(-24).
7
Let v(w) = 11*w**2 - 1174*w + 31283. Calculate v(51).
20
Let u(d) = 575*d - 5133. Calculate u(9).
42
Let s(r) = -30*r**2 + 481*r - 24. Determine s(16).
-8
Let p(q) = 8*q**2 + 22837*q - 45712. Give p(2).
-6
Let z(q) = q**3 - 553*q**2 - 1883*q + 119564. What is z(556)?
24
Let d(b) = -1013*b - 8320. What is d(-7)?
-1229
Let m(i) = -2*i**3 + 38*i**2 - 6*i + 943. What is m(20)?
23
Let w(q) = 3*q**2 + 2294*q - 4589. Determine w(2).
11
Let p(h) = -49*h**2 + 246*h - 175. Calculate p(11).
-3398
Let t(q) = q**3 - 169*q**2 - 3762*q + 35708. What is t(188)?
-12
Let s(b) = b**2 + 1692*b - 132531. Calculate s(75).
-6
Let i(j) = 3*j**3 + 219*j**2 + 629*j - 220. Give i(-70).
-150
Let k(v) = -v**3 + 9*v**2 - 43*v + 627. Give k(12).
-321
Let u(x) = 2*x**3 - 46*x**2 - 443*x + 2800. Determine u(29).
45
Let v(s) = 2625101*s - 10500402. Calculate v(4).
2
Let h(l) = 9*l**2 + 182805*l - 365654. Calculate h(2).
-8
Let z(n) = 3284*n + 30879. Calculate z(-10).
-1961
Let l(v) = -4*v**2 - 2853*v - 34290. Determine l(-701).
59
Let m(b) = 12*b**2 - 31867*b - 63736. Determine m(-2).
46
Let q(m) = -m**3 + 25*m**2 + 618*m - 9862. Determine q(35).
-482
Let u(c) = 18960*c - 606722. What is u(32)?
-2
Let f(o) = -o**2 - 454*o + 23887. Calculate f(45).
1432
Let i(r) = r**3 - 17*r**2 - 136*r - 133. Determine i(21).
-1225
Let y(f) = 2*f**3 + 25*f**2 + 157*f + 1337. Determine y(-11).
-27
Let d(j) = 3*j**3 - 19*j**2 - 23*j + 227. Determine d(10).
1097
Let r(m) = 29*m**2 - 39876*m + 119367. Determine r(3).
0
Let q(b) = -3*b**2 + 5*b + 47. Give q(-16).
-801
Let o(j) = j**2 + 30*j - 45566. Calculate o(199).
5
Let i(o) = -3021*o - 20948. Determine i(-7).
199
Let b(y) = 8208*y - 451505. Determine b(55).
-65
Let s(p) = 19*p**2 + 4366*p - 2547. Calculate s(-231).
2766
Let b(o) = 32548*o + 195287. Determine b(-6).
-1
Let v(y) = 4*y - 181. Give v(-44).
-357
Let z(c) = -5084*c + 20347. Give z(4).
11
Let z(t) = -503*t + 7115. Calculate z(4).
5103
Let d(v) = 3474*v - 55725. Calculate d(16).
-141
Let c(d) = -541*d - 10684. What is c(-19)?
-405
Let n(q) = 10*q**2 - 758*q + 12958. Calculate n(26).
10
Let j(x) = -129478*x - 1294788. What is j(-10)?
-8
Let z(x) = 4*x**2 + 61913*x + 680666. Determine z(-11).
107
Let m(o) = -o**3 + 35*o**2 - 149*o + 24. What is m(30)?
54
Let x(k) = -k**3 + 31*k**2 + 2329*k - 57666. Calculate x(23).
133
Let h(n) = -93903*n + 657309. What is h(7)?
-12
Let s(u) = -u**3 - 28*u**2 - 355*u - 8856. Determine s(-27).
0
Let k(u) = -6953*u + 26181. What is k(4)?
-1631
Let k(o) = -o**3 + 896*o**2 + 3605*o - 4498. What is k(900)?
2
Let p(n) = -440*n**2 + 640*n + 1272. Give p(-2).
-1768
Let q(x) = -x**2 + 385*x + 120447. Determine q(-205).
-503
Let f(b) = 111*b**2 + 1338*b + 4. Calculate f(-12).
-68
Let t(n) = 6*n**2 + 2839*n - 46949. Determine t(16).
11
Let t(z) = z**3 + 17*z**2 + 422*z + 11794. What is t(-25)?
-3756
Let v(t) = -628*t - 52926. Give v(-84).
-174
Let u(m) = -23394*m + 631624. Calculate u(27).
-14
Let a(o) = -20*o**2 + 2091*o + 26584. Give a(116).
20
Let v(w) = -134*w**2 + 507*w + 66. Give v(4).
-50
Let k(n) = -20108*n - 2895630. Determine k(-144).
-78
Let z(b) = 51712*b + 4912645. What is z(-95)?
5
Let n(k) = -7*k**2 + 680*k + 5347. What is n(-8)?
-541
Let i(b) = -6*b**2 + 78*b + 94. Calculate i(-14).
-2174
Let w(f) = -11130*f - 88636. Give w(-8).
404
Let r(j) = -151708*j - 303366. Calculate r(-2).
50
Let l(t) = 694*t - 29116. Determine l(42).
32
Let m(o) = -o**3 + 53*o**2 - 291*o + 623. Determine m(47).
200
Let a(q) = 47395*q - 14597667. Give a(308).
-7
Let m(a) = 2755*a + 936707. Calculate m(-340).
7
Let w(d) = -2*d**3 + 8*d**2 + 73*d + 389. Give w(10).
-81
Let f(q) = -2*q**2 - 413*q + 226160. What is f(-455)?
25
Let u(a) = -2828*a - 231131. Determine u(-82).
765
Let a(i) = -21*i**2 - 29986*i - 59977. Calculate a(-2).
-89
Let f(m) = 2*m**3 - 27*m**2 + 8*m + 44. Determine f(15).
839
Let o(y) = y**3 - 174*y**2 + 1180*y - 60. Give o(7).
17
Let u(j) = -472*j + 11383. What is u(24)?
55
Let g(v) = 16*v**2 - 2632*v + 35874. Calculate g(15).
-6
Let g(j) = -3*j**2 - 157*j - 1996. Calculate g(-21).
-22
Let w(a) = 2*a**3 + 56*a**2 - 148*a - 883. What is w(-30)?
-43
Let g(k) = k**2 - 23*k + 10. Give g(22).
-12
Let j(a) = a**3 - 64*a**2 - 2867*a + 180529. Calculate j(66).
19
Let v(m) = -6*m**2 + 64*m + 197. Determine v(-3).
-49
Let n(z) = -88*z - 19475. Determine n(-209).
-1083
Let k(u) = -9*u + 2308. Determine k(-26).
2542
Let l(j) = 67143*j + 1074258. Calculate l(-16).
-30
Let h(s) = 377*s + 15202. What is h(-41)?
-255
Let g(v) = 240*v - 4319. Determine g(18).
1
Let k(a) = -1731*a - 136205. Calculate k(-79).
544
Let g(b) = -1016*b + 15140. Calculate g(16).
-1116
Let i(g) = 10*g**2 + 1921*g - 1786. Determine i(-193).
-49
Let k(y) = y**2 - 4703*y + 3643072. Calculate k(978).
22
Let g(l) = 32*l**2 - 5090*l - 13. Determine g(159).
-331
Let j(x) = -1545*x - 76612. Give j(-52).
3728
Let